{"id":78,"date":"2018-11-26T13:06:28","date_gmt":"2018-11-26T12:06:28","guid":{"rendered":"https:\/\/www.harmoniedunord.org\/wp\/?page_id=78"},"modified":"2026-03-27T11:59:35","modified_gmt":"2026-03-27T10:59:35","slug":"home","status":"publish","type":"page","link":"https:\/\/www.harmoniedunord.org\/","title":{"rendered":"ACCUEIL"},"content":{"rendered":"\t\t<div data-elementor-type=\"wp-post\" data-elementor-id=\"78\" class=\"elementor elementor-78\">\n\t\t\t\t\t\t<section class=\"elementor-section elementor-top-section elementor-element elementor-element-2f6861 elementor-section-boxed elementor-section-height-default elementor-section-height-default wpr-particle-no wpr-jarallax-no wpr-parallax-no wpr-sticky-section-no wpr-equal-height-no\" data-id=\"2f6861\" data-element_type=\"section\" data-e-type=\"section\">\n\t\t\t\t\t\t<div class=\"elementor-container elementor-column-gap-default\">\n\t\t\t\t\t<div class=\"elementor-column elementor-col-100 elementor-top-column elementor-element elementor-element-51c23995\" data-id=\"51c23995\" data-element_type=\"column\" data-e-type=\"column\">\n\t\t\t<div class=\"elementor-widget-wrap elementor-element-populated\">\n\t\t\t\t\t\t<div class=\"elementor-element elementor-element-6d2c5455 elementor-widget elementor-widget-text-editor\" data-id=\"6d2c5455\" data-element_type=\"widget\" data-e-type=\"widget\" data-widget_type=\"text-editor.default\">\n\t\t\t\t<div class=\"elementor-widget-container\">\n\t\t\t\t\t\t\t\t\t<p style=\"text-align: left;\"><strong>L&rsquo;Orchestre d&rsquo;Harmonie du Chemin de Fer du Nord <\/strong>est un orchestre d&rsquo;harmonie parisien, dirig\u00e9 par <b>Beno\u00eet Boutemy<\/b> depuis 1997, qui regroupe des musiciens amateurs, cheminots ou non, de tous niveaux. Les r\u00e9p\u00e9titions ont lieu le <strong><a href=\"https:\/\/www.harmoniedunord.org\/?page_id=51\">mercredi soir de 20h \u00e0 22h sur Paris entre Gare du Nord et Gare de l&rsquo;Est<\/a>.<\/strong>\u00a0<\/p><p>Il se produit tout au long de l&rsquo;ann\u00e9e, entre autres : au sein de l&rsquo;Eglise St Vincent de Paul (Paris X\u00e8me), du Th\u00e9\u00e2tre Traversi\u00e8re (Paris 12\u00e8me), dans les kiosques parisiens, au cours de divers \u00e9v\u00e8nements comme les Journ\u00e9es Europ\u00e9ennes du Patrimoine, avec l&rsquo;association Vivre Gares du Nord et de l&rsquo;Est, \u00ab\u00a0bien vivre dans son jardin\u00a0\u00bb (Paris X\u00e8me), les festivals de l&rsquo;UAICF, pour les diverses comm\u00e9morations officielles dans les gares parisiennes, ainsi que pour tout autre projet sur demande.<\/p><h3><a style=\"font-family: var( --e-global-typography-text-font-family ), Sans-serif; font-weight: var( --e-global-typography-text-font-weight ); background-color: #ffffff; font-size: 15px; letter-spacing: 0px;\" href=\"https:\/\/www.youtube.com\/channel\/UCWk_uxx5sopT4fyfQyE993w\/featured\">Cliquer ici pour visualiser et \u00e9couter nos concerts (cha\u00eene youtube de l&rsquo;orchestre)<\/a><\/h3>\t\t\t\t\t\t\t\t<\/div>\n\t\t\t\t<\/div>\n\t\t\t\t<div class=\"elementor-element elementor-element-f4a66f7 elementor-widget elementor-widget-heading\" data-id=\"f4a66f7\" data-element_type=\"widget\" data-e-type=\"widget\" data-widget_type=\"heading.default\">\n\t\t\t\t<div class=\"elementor-widget-container\">\n\t\t\t\t\t<h2 class=\"elementor-heading-title elementor-size-default\">SAISON 2025 - 2026<\/h2>\t\t\t\t<\/div>\n\t\t\t\t<\/div>\n\t\t\t\t<div class=\"elementor-element elementor-element-100af8a elementor-widget elementor-widget-text-editor\" data-id=\"100af8a\" data-element_type=\"widget\" data-e-type=\"widget\" data-widget_type=\"text-editor.default\">\n\t\t\t\t<div class=\"elementor-widget-container\">\n\t\t\t\t\t\t\t\t\t<ul><li>Dimanche 7 septembre 2025 &#8211; 11h-18h, Forum des associations &#8211; Square Villemin (Paris 10\u00e8me)<\/li><li>Samedi 13 septembre 2025 &#8211; 16h, Aubade &#8211; Square Marielle Franco (Paris 10\u00e8me)<\/li><li>Samedi 20 septembre 2025 &#8211; 11h, Concert &#8211; Gare du Nord &#8211;\u00a0<a href=\"https:\/\/openagenda.com\/culture\/events\/concert-orchestre-dharmonie-887\">Journ\u00e9es Europ\u00e9ennes du Patrimoine 2025<\/a><\/li><li>Samedi 20 septembre 2025 &#8211; 15h, Concerts anniversaires des 30 ans de la coul\u00e9e verte \u00e0 Colombes (92)<\/li><li>Dimanche 21 septembre 2025 &#8211; 16h, Concert anniversaire de la coul\u00e9e verte \u00e0 Colombes (92)<\/li><li>Mercredi 12 Novembre 2025 &#8211; Comm\u00e9morations dans les Gares parisiennes<\/li><li>Dimanche 23 novembre 2025 &#8211; 10h45, Messe de la Sainte C\u00e9cile &#8211; Eglise St Vincent de Paul (Paris 10\u00e8me), suivie d&rsquo;une aubade dans la salle paroissiale \u00e0 13h<\/li><li>Dimanche 15 f\u00e9vrier 2026 &#8211; 15h, Concert annuel &#8211; Eglise St Vincent de Paul (Paris 10\u00e8me)\u00a0<\/li><li><strong>Dimanche 29 Mars 2026 &#8211; 16h<\/strong>, Concert de Printemps au <a href=\"https:\/\/theatre-traversiere.fr\/\">Th\u00e9\u00e2tre Traversi\u00e8re (Paris 12\u00e8me)<\/a><\/li><li>Jeudi 7 Mai 2026 &#8211; Comm\u00e9morations dans les Gares parisiennes<\/li><li>Mercredi 24 Juin 2026 &#8211; 19h30,\u00a0 Kiosque du <a href=\"https:\/\/www.paris.fr\/lieux\/parc-montsouris-1810\">Parc Montsouris<\/a> (Kiosques en f\u00eate)<\/li><li><span data-olk-copy-source=\"MessageBody\">Dimanche 28 juin &#8211; 11h, Kiosque du <a href=\"https:\/\/www.squaretrousseau.com\/\">square Trousseau<\/a>\u00a0(12e) (Kiosques en f\u00eate)<\/span><\/li><li>Dimanche 28 juin &#8211; 15h, <span data-olk-copy-source=\"MessageBody\">Kiosque du <a href=\"https:\/\/www.paris.fr\/lieux\/square-des-epinettes-2631\">square des Epinettes<\/a> (17e) (Kiosques en f\u00eate)<\/span><\/li><\/ul>\t\t\t\t\t\t\t\t<\/div>\n\t\t\t\t<\/div>\n\t\t\t\t<div class=\"elementor-element elementor-element-2852687 elementor-widget elementor-widget-heading\" data-id=\"2852687\" data-element_type=\"widget\" data-e-type=\"widget\" data-widget_type=\"heading.default\">\n\t\t\t\t<div class=\"elementor-widget-container\">\n\t\t\t\t\t<h2 class=\"elementor-heading-title elementor-size-default\">SAISON 2024 - 2025<\/h2>\t\t\t\t<\/div>\n\t\t\t\t<\/div>\n\t\t\t\t<div class=\"elementor-element elementor-element-8c724c3 elementor-widget elementor-widget-text-editor\" data-id=\"8c724c3\" data-element_type=\"widget\" data-e-type=\"widget\" data-widget_type=\"text-editor.default\">\n\t\t\t\t<div class=\"elementor-widget-container\">\n\t\t\t\t\t\t\t\t\t<ul><li>Dimanche 15 septembre 2024 &#8211; 11h-18h, Forum des associations &#8211; Square Villemin (Paris 10\u00e8me)<\/li><li>Samedi 21 septembre 2024 &#8211; 10h, Gare du Nord et 12h Gare de L&rsquo;Est (Journ\u00e9es Europ\u00e9ennes du Patrimoine)<\/li><li>Jeudi 7 Novembre 2024 &#8211; Comm\u00e9morations dans les Gares parisiennes<\/li><li>Dimanche 24 novembre 2024 &#8211; 10h45, Messe de la Sainte C\u00e9cile &#8211; Eglise St Vincent de Paul (Paris 10\u00e8me), suivie d&rsquo;une aubade dans la salle paroissiale \u00e0 13h<\/li><li>Dimanche 9 f\u00e9vrier 2025 &#8211; 15h, Concert annuel &#8211; Eglise St Vincent de Paul (Paris 10\u00e8me) avec l&rsquo;ensemble\u00a0<a href=\"https:\/\/www.facebook.com\/people\/Harmonies-EguisheimWettolsheim\/100083386056739\/#\">d&rsquo;harmonies Eguisheim &amp; Wettolsheim<\/a><\/li><li>Dimanche 23 mars 2025 &#8211; 16h,\u00a0 <a href=\"https:\/\/theatre-traversiere.fr\/spectacle\/concert-de-printemps\/\">Th\u00e9\u00e2tre TRAVERSIERE (Paris 12\u00e8me)<\/a><\/li><li>Lundi 12 Mai 2025 &#8211; Comm\u00e9morations dans les Gares parisiennes<\/li><li>Mercredi 18 Juin 2025 &#8211; 19h30 &#8211; <a href=\"https:\/\/www.paris.fr\/lieux\/parc-montsouris-1810\">Parc Montsouris &#8211; 2, rue Gazan, Paris 14e<\/a>,\u00a0<a href=\"https:\/\/www.paris.fr\/evenements\/kiosques-en-fete-13390\">Paris Kiosques en f\u00eate 2025<\/a><\/li><li>Dimanche 22 juin 2025 &#8211; 11h\u00a0 &#8211; <a href=\"https:\/\/www.paris.fr\/lieux\/square-trousseau-2576\">Square Trousseau- 2 rue Antoine Vollon, Paris 12e<\/a> <a href=\"https:\/\/www.paris.fr\/evenements\/kiosques-en-fete-13390\">(Paris Kiosques en f\u00eate 2025)<\/a><\/li><li>Dimanche 22 juin 2025 &#8211; 15h &#8211;\u00a0<a href=\"https:\/\/www.paris.fr\/lieux\/square-des-epinettes-2631\">Square des Epinettes &#8211; 9 rue Maria Deraismes, Paris 17e<\/a> <a href=\"https:\/\/www.paris.fr\/evenements\/kiosques-en-fete-13390\">(Paris kiosques en f\u00eate 2025)<\/a><\/li><\/ul>\t\t\t\t\t\t\t\t<\/div>\n\t\t\t\t<\/div>\n\t\t\t\t\t<\/div>\n\t\t<\/div>\n\t\t\t\t\t<\/div>\n\t\t<\/section>\n\t\t\t\t<\/div>\n\t\t","protected":false},"excerpt":{"rendered":"<p>L&rsquo;Orchestre d&rsquo;Harmonie du Chemin de Fer du Nord est un orchestre d&rsquo;harmonie parisien, dirig\u00e9 par Beno\u00eet Boutemy depuis 1997, qui regroupe des musiciens amateurs, cheminots ou non, de tous niveaux. Les r\u00e9p\u00e9titions ont lieu le mercredi soir de 20h \u00e0 22h sur Paris entre Gare du Nord et Gare de l&rsquo;Est.\u00a0 Il se produit tout au long de l&rsquo;ann\u00e9e, entre autres : au sein de l&rsquo;Eglise St Vincent de Paul (Paris X\u00e8me), du Th\u00e9\u00e2tre Traversi\u00e8re (Paris 12\u00e8me), dans les kiosques parisiens, au cours de divers \u00e9v\u00e8nements comme les Journ\u00e9es Europ\u00e9ennes du Patrimoine, avec l&rsquo;association Vivre Gares du Nord et de l&rsquo;Est, \u00ab\u00a0bien vivre dans son jardin\u00a0\u00bb (Paris X\u00e8me), les festivals de l&rsquo;UAICF, pour les diverses comm\u00e9morations officielles dans les gares parisiennes, ainsi que pour tout autre projet sur demande. Cliquer ici pour visualiser et \u00e9couter nos concerts (cha\u00eene youtube de l&rsquo;orchestre) SAISON 2025 &#8211; 2026 Dimanche 7 septembre 2025 &#8211; 11h-18h, Forum des associations &#8211; Square Villemin (Paris 10\u00e8me) Samedi 13 septembre 2025 &#8211; 16h, Aubade &#8211; Square Marielle Franco (Paris 10\u00e8me) Samedi 20 septembre 2025 &#8211; 11h, Concert &#8211; Gare du Nord &#8211;\u00a0Journ\u00e9es Europ\u00e9ennes du Patrimoine 2025 Samedi 20 septembre 2025 &#8211; 15h, Concerts anniversaires des 30 ans de la coul\u00e9e verte \u00e0 Colombes (92) Dimanche 21 septembre 2025 &#8211; 16h, Concert anniversaire de la coul\u00e9e verte \u00e0 Colombes (92) Mercredi 12 Novembre 2025 &#8211; Comm\u00e9morations dans les Gares parisiennes Dimanche 23 novembre 2025 &#8211; 10h45, Messe de la Sainte C\u00e9cile &#8211; Eglise St Vincent de Paul (Paris 10\u00e8me), suivie d&rsquo;une aubade dans la salle paroissiale \u00e0 13h Dimanche 15 f\u00e9vrier 2026 &#8211; 15h, Concert annuel &#8211; Eglise St Vincent de Paul (Paris 10\u00e8me)\u00a0 Dimanche 29 Mars 2026 &#8211; 16h, Concert de Printemps au Th\u00e9\u00e2tre Traversi\u00e8re (Paris 12\u00e8me) Jeudi 7 Mai 2026 &#8211; Comm\u00e9morations dans les Gares parisiennes Mercredi 24 Juin 2026 &#8211; 19h30,\u00a0 Kiosque du Parc Montsouris (Kiosques en f\u00eate) Dimanche 28 juin &#8211; 11h, Kiosque du square Trousseau\u00a0(12e) (Kiosques en f\u00eate) Dimanche 28 juin &#8211; 15h, Kiosque du square des Epinettes (17e) (Kiosques en f\u00eate) SAISON 2024 &#8211; 2025 Dimanche 15 septembre 2024 &#8211; 11h-18h, Forum des associations &#8211; Square Villemin (Paris 10\u00e8me) Samedi 21 septembre 2024 &#8211; 10h, Gare du Nord et 12h Gare de L&rsquo;Est (Journ\u00e9es Europ\u00e9ennes du Patrimoine) Jeudi 7 Novembre 2024 &#8211; Comm\u00e9morations dans les Gares parisiennes Dimanche 24 novembre 2024 &#8211; 10h45, Messe de la Sainte C\u00e9cile &#8211; Eglise St Vincent de Paul (Paris 10\u00e8me), suivie d&rsquo;une aubade dans la salle paroissiale \u00e0 13h Dimanche 9 f\u00e9vrier 2025 &#8211; 15h, Concert annuel &#8211; Eglise St Vincent de Paul (Paris 10\u00e8me) avec l&rsquo;ensemble\u00a0d&rsquo;harmonies Eguisheim &amp; Wettolsheim Dimanche 23 mars 2025 &#8211; 16h,\u00a0 Th\u00e9\u00e2tre TRAVERSIERE (Paris 12\u00e8me) Lundi 12 Mai 2025 &#8211; Comm\u00e9morations dans les Gares parisiennes Mercredi 18 Juin 2025 &#8211; 19h30 &#8211; Parc Montsouris &#8211; 2, rue Gazan, Paris 14e,\u00a0Paris Kiosques en f\u00eate 2025 Dimanche 22 juin 2025 &#8211; 11h\u00a0 &#8211; Square Trousseau- 2 rue Antoine Vollon, Paris 12e (Paris Kiosques en f\u00eate 2025) Dimanche 22 juin 2025 &#8211; 15h &#8211;\u00a0Square des Epinettes &#8211; 9 rue Maria Deraismes, Paris 17e (Paris kiosques en f\u00eate 2025)<\/p>\n","protected":false},"author":5,"featured_media":0,"parent":0,"menu_order":0,"comment_status":"closed","ping_status":"closed","template":"elementor_header_footer","meta":{"ngg_post_thumbnail":0,"footnotes":""},"class_list":["post-78","page","type-page","status-publish","hentry"],"_links":{"self":[{"href":"https:\/\/www.harmoniedunord.org\/index.php?rest_route=\/wp\/v2\/pages\/78","targetHints":{"allow":["GET"]}}],"collection":[{"href":"https:\/\/www.harmoniedunord.org\/index.php?rest_route=\/wp\/v2\/pages"}],"about":[{"href":"https:\/\/www.harmoniedunord.org\/index.php?rest_route=\/wp\/v2\/types\/page"}],"author":[{"embeddable":true,"href":"https:\/\/www.harmoniedunord.org\/index.php?rest_route=\/wp\/v2\/users\/5"}],"replies":[{"embeddable":true,"href":"https:\/\/www.harmoniedunord.org\/index.php?rest_route=%2Fwp%2Fv2%2Fcomments&post=78"}],"version-history":[{"count":228,"href":"https:\/\/www.harmoniedunord.org\/index.php?rest_route=\/wp\/v2\/pages\/78\/revisions"}],"predecessor-version":[{"id":942,"href":"https:\/\/www.harmoniedunord.org\/index.php?rest_route=\/wp\/v2\/pages\/78\/revisions\/942"}],"wp:attachment":[{"href":"https:\/\/www.harmoniedunord.org\/index.php?rest_route=%2Fwp%2Fv2%2Fmedia&parent=78"}],"curies":[{"name":"wp","href":"https:\/\/api.w.org\/{rel}","templated":true}]}}

<div data-elementor-type="wp-post" data-elementor-id="78" class="elementor elementor-78">
						<section class="elementor-section elementor-top-section elementor-element elementor-element-2f6861 elementor-section-boxed elementor-section-height-default elementor-section-height-default wpr-particle-no wpr-jarallax-no wpr-parallax-no wpr-sticky-section-no wpr-equal-height-no" data-id="2f6861" data-element_type="section" data-e-type="section">
						<div class="elementor-container elementor-column-gap-default">
					<div class="elementor-column elementor-col-100 elementor-top-column elementor-element elementor-element-51c23995" data-id="51c23995" data-element_type="column" data-e-type="column">
			<div class="elementor-widget-wrap elementor-element-populated">
						<div class="elementor-element elementor-element-6d2c5455 elementor-widget elementor-widget-text-editor" data-id="6d2c5455" data-element_type="widget" data-e-type="widget" data-widget_type="text-editor.default">
				<div class="elementor-widget-container">
									<p style="text-align: left;"><strong>L&rsquo;Orchestre d&rsquo;Harmonie du Chemin de Fer du Nord </strong>est un orchestre d&rsquo;harmonie parisien, dirigé par <b>Benoît Boutemy</b> depuis 1997, qui regroupe des musiciens amateurs, cheminots ou non, de tous niveaux. Les répétitions ont lieu le <strong><a href="https://www.harmoniedunord.org/?page_id=51">mercredi soir de 20h à 22h sur Paris entre Gare du Nord et Gare de l&rsquo;Est</a>.</strong> </p><p>Il se produit tout au long de l&rsquo;année, entre autres : au sein de l&rsquo;Eglise St Vincent de Paul (Paris Xème), du Théâtre Traversière (Paris 12ème), dans les kiosques parisiens, au cours de divers évènements comme les Journées Européennes du Patrimoine, avec l&rsquo;association Vivre Gares du Nord et de l&rsquo;Est, « bien vivre dans son jardin » (Paris Xème), les festivals de l&rsquo;UAICF, pour les diverses commémorations officielles dans les gares parisiennes, ainsi que pour tout autre projet sur demande.</p><h3><a style="font-family: var( --e-global-typography-text-font-family ), Sans-serif; font-weight: var( --e-global-typography-text-font-weight ); background-color: #ffffff; font-size: 15px; letter-spacing: 0px;" href="https://www.youtube.com/channel/UCWk_uxx5sopT4fyfQyE993w/featured">Cliquer ici pour visualiser et écouter nos concerts (chaîne youtube de l&rsquo;orchestre)</a></h3>								</div>
				</div>
				<div class="elementor-element elementor-element-f4a66f7 elementor-widget elementor-widget-heading" data-id="f4a66f7" data-element_type="widget" data-e-type="widget" data-widget_type="heading.default">
				<div class="elementor-widget-container">
					<h2 class="elementor-heading-title elementor-size-default">SAISON 2025 - 2026</h2>				</div>
				</div>
				<div class="elementor-element elementor-element-100af8a elementor-widget elementor-widget-text-editor" data-id="100af8a" data-element_type="widget" data-e-type="widget" data-widget_type="text-editor.default">
				<div class="elementor-widget-container">
									<ul><li>Dimanche 7 septembre 2025 &#8211; 11h-18h, Forum des associations &#8211; Square Villemin (Paris 10ème)</li><li>Samedi 13 septembre 2025 &#8211; 16h, Aubade &#8211; Square Marielle Franco (Paris 10ème)</li><li>Samedi 20 septembre 2025 &#8211; 11h, Concert &#8211; Gare du Nord &#8211; <a href="https://openagenda.com/culture/events/concert-orchestre-dharmonie-887">Journées Européennes du Patrimoine 2025</a></li><li>Samedi 20 septembre 2025 &#8211; 15h, Concerts anniversaires des 30 ans de la coulée verte à Colombes (92)</li><li>Dimanche 21 septembre 2025 &#8211; 16h, Concert anniversaire de la coulée verte à Colombes (92)</li><li>Mercredi 12 Novembre 2025 &#8211; Commémorations dans les Gares parisiennes</li><li>Dimanche 23 novembre 2025 &#8211; 10h45, Messe de la Sainte Cécile &#8211; Eglise St Vincent de Paul (Paris 10ème), suivie d&rsquo;une aubade dans la salle paroissiale à 13h</li><li>Dimanche 15 février 2026 &#8211; 15h, Concert annuel &#8211; Eglise St Vincent de Paul (Paris 10ème) </li><li><strong>Dimanche 29 Mars 2026 &#8211; 16h</strong>, Concert de Printemps au <a href="https://theatre-traversiere.fr/">Théâtre Traversière (Paris 12ème)</a></li><li>Jeudi 7 Mai 2026 &#8211; Commémorations dans les Gares parisiennes</li><li>Mercredi 24 Juin 2026 &#8211; 19h30,  Kiosque du <a href="https://www.paris.fr/lieux/parc-montsouris-1810">Parc Montsouris</a> (Kiosques en fête)</li><li><span data-olk-copy-source="MessageBody">Dimanche 28 juin &#8211; 11h, Kiosque du <a href="https://www.squaretrousseau.com/">square Trousseau</a> (12e) (Kiosques en fête)</span></li><li>Dimanche 28 juin &#8211; 15h, <span data-olk-copy-source="MessageBody">Kiosque du <a href="https://www.paris.fr/lieux/square-des-epinettes-2631">square des Epinettes</a> (17e) (Kiosques en fête)</span></li></ul>								</div>
				</div>
				<div class="elementor-element elementor-element-2852687 elementor-widget elementor-widget-heading" data-id="2852687" data-element_type="widget" data-e-type="widget" data-widget_type="heading.default">
				<div class="elementor-widget-container">
					<h2 class="elementor-heading-title elementor-size-default">SAISON 2024 - 2025</h2>				</div>
				</div>
				<div class="elementor-element elementor-element-8c724c3 elementor-widget elementor-widget-text-editor" data-id="8c724c3" data-element_type="widget" data-e-type="widget" data-widget_type="text-editor.default">
				<div class="elementor-widget-container">
									<ul><li>Dimanche 15 septembre 2024 &#8211; 11h-18h, Forum des associations &#8211; Square Villemin (Paris 10ème)</li><li>Samedi 21 septembre 2024 &#8211; 10h, Gare du Nord et 12h Gare de L&rsquo;Est (Journées Européennes du Patrimoine)</li><li>Jeudi 7 Novembre 2024 &#8211; Commémorations dans les Gares parisiennes</li><li>Dimanche 24 novembre 2024 &#8211; 10h45, Messe de la Sainte Cécile &#8211; Eglise St Vincent de Paul (Paris 10ème), suivie d&rsquo;une aubade dans la salle paroissiale à 13h</li><li>Dimanche 9 février 2025 &#8211; 15h, Concert annuel &#8211; Eglise St Vincent de Paul (Paris 10ème) avec l&rsquo;ensemble <a href="https://www.facebook.com/people/Harmonies-EguisheimWettolsheim/100083386056739/#">d&rsquo;harmonies Eguisheim &amp; Wettolsheim</a></li><li>Dimanche 23 mars 2025 &#8211; 16h,  <a href="https://theatre-traversiere.fr/spectacle/concert-de-printemps/">Théâtre TRAVERSIERE (Paris 12ème)</a></li><li>Lundi 12 Mai 2025 &#8211; Commémorations dans les Gares parisiennes</li><li>Mercredi 18 Juin 2025 &#8211; 19h30 &#8211; <a href="https://www.paris.fr/lieux/parc-montsouris-1810">Parc Montsouris &#8211; 2, rue Gazan, Paris 14e</a>, <a href="https://www.paris.fr/evenements/kiosques-en-fete-13390">Paris Kiosques en fête 2025</a></li><li>Dimanche 22 juin 2025 &#8211; 11h  &#8211; <a href="https://www.paris.fr/lieux/square-trousseau-2576">Square Trousseau- 2 rue Antoine Vollon, Paris 12e</a> <a href="https://www.paris.fr/evenements/kiosques-en-fete-13390">(Paris Kiosques en fête 2025)</a></li><li>Dimanche 22 juin 2025 &#8211; 15h &#8211; <a href="https://www.paris.fr/lieux/square-des-epinettes-2631">Square des Epinettes &#8211; 9 rue Maria Deraismes, Paris 17e</a> <a href="https://www.paris.fr/evenements/kiosques-en-fete-13390">(Paris kiosques en fête 2025)</a></li></ul>								</div>
				</div>
					</div>
		</div>
					</div>
		</section>
				</div>

<p>L&rsquo;Orchestre d&rsquo;Harmonie du Chemin de Fer du Nord est un orchestre d&rsquo;harmonie parisien, dirigé par Benoît Boutemy depuis 1997, qui regroupe des musiciens amateurs, cheminots ou non, de tous niveaux. Les répétitions ont lieu le mercredi soir de 20h à 22h sur Paris entre Gare du Nord et Gare de l&rsquo;Est.  Il se produit tout au long de l&rsquo;année, entre autres : au sein de l&rsquo;Eglise St Vincent de Paul (Paris Xème), du Théâtre Traversière (Paris 12ème), dans les kiosques parisiens, au cours de divers évènements comme les Journées Européennes du Patrimoine, avec l&rsquo;association Vivre Gares du Nord et de l&rsquo;Est, « bien vivre dans son jardin » (Paris Xème), les festivals de l&rsquo;UAICF, pour les diverses commémorations officielles dans les gares parisiennes, ainsi que pour tout autre projet sur demande. Cliquer ici pour visualiser et écouter nos concerts (chaîne youtube de l&rsquo;orchestre) SAISON 2025 &#8211; 2026 Dimanche 7 septembre 2025 &#8211; 11h-18h, Forum des associations &#8211; Square Villemin (Paris 10ème) Samedi 13 septembre 2025 &#8211; 16h, Aubade &#8211; Square Marielle Franco (Paris 10ème) Samedi 20 septembre 2025 &#8211; 11h, Concert &#8211; Gare du Nord &#8211; Journées Européennes du Patrimoine 2025 Samedi 20 septembre 2025 &#8211; 15h, Concerts anniversaires des 30 ans de la coulée verte à Colombes (92) Dimanche 21 septembre 2025 &#8211; 16h, Concert anniversaire de la coulée verte à Colombes (92) Mercredi 12 Novembre 2025 &#8211; Commémorations dans les Gares parisiennes Dimanche 23 novembre 2025 &#8211; 10h45, Messe de la Sainte Cécile &#8211; Eglise St Vincent de Paul (Paris 10ème), suivie d&rsquo;une aubade dans la salle paroissiale à 13h Dimanche 15 février 2026 &#8211; 15h, Concert annuel &#8211; Eglise St Vincent de Paul (Paris 10ème)  Dimanche 29 Mars 2026 &#8211; 16h, Concert de Printemps au Théâtre Traversière (Paris 12ème) Jeudi 7 Mai 2026 &#8211; Commémorations dans les Gares parisiennes Mercredi 24 Juin 2026 &#8211; 19h30,  Kiosque du Parc Montsouris (Kiosques en fête) Dimanche 28 juin &#8211; 11h, Kiosque du square Trousseau (12e) (Kiosques en fête) Dimanche 28 juin &#8211; 15h, Kiosque du square des Epinettes (17e) (Kiosques en fête) SAISON 2024 &#8211; 2025 Dimanche 15 septembre 2024 &#8211; 11h-18h, Forum des associations &#8211; Square Villemin (Paris 10ème) Samedi 21 septembre 2024 &#8211; 10h, Gare du Nord et 12h Gare de L&rsquo;Est (Journées Européennes du Patrimoine) Jeudi 7 Novembre 2024 &#8211; Commémorations dans les Gares parisiennes Dimanche 24 novembre 2024 &#8211; 10h45, Messe de la Sainte Cécile &#8211; Eglise St Vincent de Paul (Paris 10ème), suivie d&rsquo;une aubade dans la salle paroissiale à 13h Dimanche 9 février 2025 &#8211; 15h, Concert annuel &#8211; Eglise St Vincent de Paul (Paris 10ème) avec l&rsquo;ensemble d&rsquo;harmonies Eguisheim &amp; Wettolsheim Dimanche 23 mars 2025 &#8211; 16h,  Théâtre TRAVERSIERE (Paris 12ème) Lundi 12 Mai 2025 &#8211; Commémorations dans les Gares parisiennes Mercredi 18 Juin 2025 &#8211; 19h30 &#8211; Parc Montsouris &#8211; 2, rue Gazan, Paris 14e, Paris Kiosques en fête 2025 Dimanche 22 juin 2025 &#8211; 11h  &#8211; Square Trousseau- 2 rue Antoine Vollon, Paris 12e (Paris Kiosques en fête 2025) Dimanche 22 juin 2025 &#8211; 15h &#8211; Square des Epinettes &#8211; 9 rue Maria Deraismes, Paris 17e (Paris kiosques en fête 2025)</p>
